 - m - 43. Let i = 87 - m. What are the prime factors of i?
2, 11
Let v be 0 + -2 - (-3 + -1). Suppose r - 57 = v. Suppose q - r = -s, 4*q - 3 = 1. List the prime factors of s.
2, 29
Suppose 0 = p + 5, 4*r + 2*p = 617 + 1993. What are the prime factors of r?
5, 131
Suppose q + 4*h + 13 = 0, -8*q - 5*h - 11 = -5*q. Suppose u = q*u - 50. Let f = u - 13. What are the prime factors of f?
2, 3
Suppose 4*d = 4*m - 2116, 12*m + 1589 = 15*m - d. What are the prime factors of m?
2, 5, 53
Suppose -900 = -5*m - k, 0 = k - 22 + 17. List the prime factors of m.
179
Suppose -3*n + 3*s = 6*s - 417, 2*n - 281 = -3*s. Suppose 6*x = 652 - n. What are the prime factors of x?
2, 43
Let f(g) = 5 - 2 + 8*g + 7 - 1. What are the prime factors of f(17)?
5, 29
Let l(d) = 2*d**3 + d**2 - 3*d - 2. Let z be l(-2). List the prime factors of 4/z*(-292)/2.
73
Let m(r) = 2*r - 38. Let h be m(21). Suppose -5*w + 708 = 4*g, -h*w + 1 = 17. What are the prime factors of g?
2, 7, 13
Let a be (149 - 1)/((-7 + 10)/(-3)). Let u = a + 176. What are the prime factors of u?
2, 7
Suppose 12 - 33 = -5*y - p, 23 = 3*y - 2*p. Suppose -y - 5 = -g. Suppose g = 5*c - 45. List the prime factors of c.
11
Let b = 816 + -299. What are the prime factors of b?
11, 47
Suppose 0 = 4*v + 5*l - l - 4484, 2*v + 5*l - 2230 = 0. List the prime factors of v.
3, 5
Let c = -104 + 70. Let t = c - -76. Let g = t + -24. What are the prime factors of g?
2, 3
Suppose -3*d - 11 = 1. Let h be (-5)/40*d*4. Suppose -2*y + 52 = 2*p - 74, h*p + 4*y = 126. List the prime factors of p.
3, 7
Suppose 0 = -35*c + 36*c - 2690. What are the prime factors of c?
2, 5, 269
Let i be (-6)/(-8)*(13 - -287). Let w = i + -154. List the prime factors of w.
71
Suppose 0 = -4*a + 944 + 200. List the prime factors of a.
2, 11, 13
Let u(n) = 5*n**2 + 639. What are the prime factors of u(0)?
3, 71
Let x(j) = j**3 + 16*j**2 + 5. Let t be x(-16). What are the prime factors of 21 - (-2 + t) - 2?
2
Suppose -27*u + 79*u = 76752. What are the prime factors of u?
2, 3, 41
Let d(l) = 7 - 6 - l**2 + 8*l + 23 + 11*l. What are the prime factors of d(18)?
2, 3, 7
Let u = 6 + 29. Let v = 43 - u. What are the prime factors of v?
2
Suppose j - 3*x = -0*x - 19, 5*x = -j + 13. Let d = j + 10. Let q = 10 - d. List the prime factors of q.
7
Let t(x) be the second derivative of x**4/12 + 13*x**2/2 + 24*x. What are the prime factors of t(-12)?
157
Let q(r) = -r**2 - 8*r - 5. Let f be q(-7). Suppose -75 = -p - f*p. Suppose -7 - p = -4*s + 2*b, 2*s = -5*b + 40. What are the prime factors of s?
2, 5
Let l(m) = 40*m**2 + 7*m - 41. What are the prime factors of l(-5)?
2, 3, 7, 11
Let c(j) = -478*j**3 + 12*j**2 + 2*j + 2. What are the prime factors of c(-2)?
2, 3, 5, 43
Let v(q) = -11*q**2 + 33*q + 4. Let r(c) = -7*c**2 + 22*c + 3. Let f(k) = -8*r(k) + 5*v(k). What are the prime factors of f(16)?
2, 19
Let d(p) = -p**3 + 3*p**2 + 3. Let m be d(3). Suppose 0 = -2*k + m*k - 40. List the prime factors of k.
2, 5
Let p(u) = u**2 + 14*u - 10. Let k = -11 + 0. Let h be p(k). Let g = -13 - h. What are the prime factors of g?
2, 3, 5
Let t(i) = 4*i - 27. Let l be t(17). Let m be -6*(l/2 - 1). What are the prime factors of 18/m + 1434/26?
5, 11
List the prime factors of ((-1456)/(-32) + 2/12)*33.
11, 137
Suppose -7*t - 20*t = -26190. What are the prime factors of t?
2, 5, 97
Let z(w) = -7*w - 32. Let c be z(-5). Suppose c*y = 28 + 158. List the prime factors of y.
2, 31
Let u be 7/21 + (-10)/3. Let z be u/(-9)*3 + -3. List the prime factors of z*1/3*-6.
2
Let t(h) = h + 1. Let k = -5 + 6. Suppose 6 + k = f. List the prime factors of t(f).
2
Let s(b) = -2*b**2 - 76*b - 20. What are the prime factors of s(-32)?
2, 7, 13
Suppose 0 = 2*r + 3*y - 325, -r - 3*y + 2*y + 161 = 0. Suppose 5*i - r = 62. Suppose 4*f - i = 2*f. List the prime factors of f.
2, 11
Let s = 20 + 0. Let p(u) = s*u - 24*u - 9 + 9*u. List the prime factors of p(7).
2, 13
Suppose -2*q + 2*w = -3*q + 363, 0 = -3*q + w + 1068. List the prime factors of q.
3, 7, 17
Let i(u) = 41*u**2 + 35*u + 2. List the prime factors of i(3).
2, 7, 17
Let x(d) = 2*d - 8. Let n = -4 + 11. Let q be x(n). Let u(b) = -b**3 + 5*b**2 + 8*b + 5. What are the prime factors of u(q)?
17
Let k(p) = -p**3 + 13*p**2 + 2*p + 2. Let u be k(11). Let a = u - 188. What are the prime factors of a?
2, 3, 13
Suppose 0 = 8*u + 3865 - 11969. What are the prime factors of u?
1013
Suppose -4*o - m + 87 = 2*m, 5*o - 2*m = 103. Let d = 4 + o. What are the prime factors of 1*d - 0/(-10)?
5
Let d = 13 + -18. Let m be (-146)/(-8) + d/20. Suppose 2*j - m = 4. What are the prime factors of j?
11
Suppose 10988 = 13*a - 9084. What are the prime factors of a?
2, 193
Suppose -22 = m - 4. Let p = -85 - m. List the prime factors of 34/51 + p/(-3).
23
Let r(z) = z**3 + z**2 + 3*z - 6. Suppose -4*i = -22 + 2. Suppose 3*n + n + 20 = 0, 0 = -2*f - i*n - 19. List the prime factors of r(f).
3, 13
Suppose -c + 1 = g, -2*g + 36 = 4*c - 6*g. Suppose 0 = 3*p - 3*t + t - 621, -5*t - 1040 = -c*p. List the prime factors of p.
5, 41
Suppose -4*s = 4*p - 40, 2*s + 10 = s + 3*p. What are the prime factors of (1 - 6)/s + 119?
2, 59
Let d = 1068 + -1025. What are the prime factors of d?
43
Let a be (-2)/(-4) + 264/16. Let m = a - 14. List the prime factors of m.
3
Let q = 11 + -7. Suppose -2*s + 4*a = 2*s - 468, 0 = -3*s - q*a + 344. What are the prime factors of s?
2, 29
Let l(r) = -8*r**3 - 2*r**2 - 5*r - 48. What are the prime factors of l(-4)?
2, 113
Suppose -4 = -3*f + 4*a + 14, 2*f + 4*a + 8 = 0. Let c be (f/(-6))/((-3)/225). Let w = c + -8. What are the prime factors of w?
17
What are the prime factors of (-8574)/(-3) - (58 + -48)?
2, 89
Let h(x) = 34*x - 12*x - 16 + 4. What are the prime factors of h(5)?
2, 7
List the prime factors of 31*(-3)/(-18)*6.
31
Suppose 3*k - 12 = -k. Suppose f + k*c + 9 = 0, -2*f = f - 3*c - 9. Suppose -g - g + 82 = f. List the prime factors of g.
41
Let u = -6 - -69. Suppose -n - u = -4*n. What are the prime factors of n?
3, 7
Suppose 8*t - 1520 = 1664. List the prime factors of t.
2, 199
Let w(a) = -a**3 + 3*a**2 + 8*a - 6. Let q be w(5). Let f be (-3 - -11)*(-4)/q. Suppose -2*m + 36 + 22 = -f*v, 3*m = -2*v + 112. List the prime factors of m.
2, 17
Let r(x) = -x**3 - 2*x**2 + 2*x + 2. Let n be r(-3). Suppose -n*h + 2*a = -305, 4*h + 0*h - 262 = -2*a. What are the prime factors of h?
3, 7
Let h = 2531 - 1699. List the prime factors of h.
2, 13
Let g(p) = -12*p - 1. Let j be (-1)/1 - (6 + -4). Let v be g(j). Suppose 0 = -n - 1 + v. List the prime factors of n.
2, 17
Let v(h) = -49*h - 1. Let w be v(-1). Let i = w + -17. List the prime factors of i.
31
Let v(k) = -k + 7. Let j be v(8). Let h = 4 + j. List the prime factors of 2/1 + 3*h.
11
List the prime factors of 2399*((-12)/(-2))/6.
2399
Let l(x) = 18*x**2 + x + 3. Let g be l(2). Suppose -g - 51 = -8*h. What are the prime factors of h?
2
Let g(r) = -260*r**3 + 13*r**2 - 9. Let l(o) = 65*o**3 - 3*o**2 + 2. Let a(k) = 2*g(k) + 9*l(k). List the prime factors of a(1).
2
Let x = 105 + -165. Let v = 2 - x. What are the prime factors of v?
2, 31
Let l(k) = -11*k**3 + k**2 - 2*k + 3. List the prime factors of l(-3).
3, 5, 7
Let u(i) be the third derivative of i**7/1008 - i**6/90 - i**5/12 + 2*i**2. Let x(j) be the third derivative of u(j). List the prime factors of x(10).
2, 3, 7
Suppose 72 = 10*o - 88. List the prime factors of 24/o*5/((-5)/(-174)).
3, 29
Let m be (4 + -4)/(-1 - 2). Suppose -3*d + d + y - 73 = m, d - 4*y = -40. List the prime factors of d/(-1) + (2 - 1).
37
Let x be ((-2)/4)/(14/(-224)). Let g(m) = -m**2 + 12*m - 15. List the prime factors of g(x).
17
Let z = -225 - -404. List the prime factors of z.
179
Let s = -21 - -24. Suppose -n + 64 = s*v, -n - 3*v + 2*v = -62. List the prime factors of n.
61
Suppose 31 + 61 = g. Suppose -5*s - g = -s. Let t = s - -32. List the prime factors of t.
3
Let l(o) = -o**3 + 4*o**2. Let g be l(7). Let q = -81 - g. List the prime factors of q.
2, 3, 11
Let y = -26 - -20. Let w be (y/(-4))/((-9)/(-138)). Let b = 68 - w. What are the prime factors of b?
3, 5
Suppose -2*p - 50 = 3*p. Let b be 80/(p/4 + 2). List the prime factors of b/(-9) + 4/18.
2, 3
Let q(f) be the third derivative of f**6/60 - f**5/60 - f**4/12 - 7*f**3/6 + 4*f**2. Let m = -1 + 4. List